. Let i(x) = 1 - d - 3*x - 7. List the prime factors of i(-6).
3
What are the prime factors of ((-39)/(-12))/(1/4)?
13
Let g(x) = -25*x - 51. List the prime factors of g(-15).
2, 3
Let f = 118 + -80. What are the prime factors of f?
2, 19
What are the prime factors of (4/(-6))/(28/(-1554))?
37
Let o(j) = j**3 - 2*j**2 + 2*j. Let w be o(2). List the prime factors of ((-21)/(-6))/(2/w).
7
Let r = 1 + -4. What are the prime factors of 134/12 - r/(-18)?
11
Let f(d) be the third derivative of d**5/60 + 5*d**4/24 + 5*d**3/6 + d**2. List the prime factors of f(-7).
19
Let t(y) = 8*y**2 - 4*y + 3. What are the prime factors of t(2)?
3
Suppose 0 = -7*l + 2*l + 10. Suppose 0 = r - 6 + l. What are the prime factors of r?
2
Suppose -d + 5*g = -13, 2*d + g + 1 = 16. What are the prime factors of d?
2
Suppose 3*n + 5*t = 21, -7*t = -3*n - 3*t - 6. Suppose -l = n*l - 24. List the prime factors of l.
2
Let p(l) = -2 + 13*l - 5 - 9*l**2 + 8*l**2 + 1. List the prime factors of p(7).
2, 3
Let s = -8 - -13. Let k be (6 - 4)/(2/4). Suppose k*y + d - 13 = 25, 5*y = -s*d + 40. What are the prime factors of y?
2, 5
Let h(r) = r - 1. What are the prime factors of h(3)?
2
What are the prime factors of (2 + 289)*(-3)/(-9)?
97
Let p(r) be the first derivative of -r + 5/2*r**2 - 1 - 1/4*r**4 - 5/3*r**3. What are the prime factors of p(-6)?
5
Suppose -5*g + 11 = 3*b, -2 = -g - 1. Suppose -b*s + 32 = 2*s. List the prime factors of s.
2
Let f(r) = r**2 - 11*r + 7. Let d = -29 - -41. List the prime factors of f(d).
19
Suppose 0 = -2*f + 5*f + 4*p - 81, 80 = 4*f - 4*p. What are the prime factors of f?
23
List the prime factors of -37 + 34 + (-14)/(-2 - -1).
11
Let l(u) = 2*u - 6. Let m be l(4). Suppose -m*t - 6 = 4, 0 = -3*x - 4*t + 28. What are the prime factors of x?
2
Let l = -359 + 604. What are the prime factors of l?
5, 7
Let t = 8 + -11. Let k(c) = -3*c - 3. List the prime factors of k(t).
2, 3
Let o = -1 - 3. Let x(h) = -h**3 - 6*h**2 - 12. Let l(q) = -q**3 - 6*q**2 - 11. Let b(d) = o*l(d) + 3*x(d). What are the prime factors of b(-6)?
2
Let v(c) = -2*c**3 + c + 1. Let d be v(-1). Suppose 19 = 3*b - y, d*b + 4*y = -b + 44. What are the prime factors of b?
2
Let r(m) = 52*m**2 - 1. Let s = 25 + -24. What are the prime factors of r(s)?
3, 17
Let c = 2 + 0. Let m(t) = -7*t**3 - 3*t**2 + 4*t + 2. Let b(v) = -20*v**3 - 8*v**2 + 11*v + 6. Let g(u) = -4*b(u) + 11*m(u). List the prime factors of g(c).
2, 3
Let u(b) be the third derivative of b**5/60 + b**4/12 - b**3 - 2*b**2. Let l be u(-5). List the prime factors of (0 - -1 - l)/(-1).
2
Let w(x) = x**3 - 3*x**2 + 4*x - 2. Let m(l) = l**3 + l**2 - l + 4. Let p be m(0). List the prime factors of w(p).
2, 3, 5
Let v(x) be the second derivative of -x**5/20 - x**4/3 + 2*x**3/3 + 5*x**2/2 - 2*x. List the prime factors of v(-5).
2, 5
Let g(b) = 2*b + 40. What are the prime factors of g(0)?
2, 5
Let h = -1 + 18. Suppose 3*c - 37 = -v, -c + h = -0*c + 5*v. What are the prime factors of c?
2, 3
Suppose 0 = q - 53 + 1. List the prime factors of q.
2, 13
Let k(w) be the second derivative of -w**6/240 + w**5/120 + w**4/6 + 2*w. Let c(f) be the third derivative of k(f). List the prime factors of c(-2).
7
Suppose g + 6 = 3*g. Suppose -55 = -2*q - g*q. List the prime factors of q.
11
Suppose -x - 132 = -3*y, -88 = -2*y - 0*x + x. Let m be 4/(-10) - 2/(-5). Suppose c = -5*u - m + 62, 3*u = -4*c + y. List the prime factors of u.
2, 3
Suppose -7*m + 17 = -6*m. What are the prime factors of m?
17
Let f(i) = 43*i + 1. Let r be f(1). Let b be 4/(-14) + r/7. List the prime factors of 28/b*(1 + 2).
2, 7
Let f(s) be the second derivative of s**5/4 - s**3/6 + s. Suppose 0 = -4*u + 20, 1 + 10 = -4*c + 3*u. List the prime factors of f(c).
2
Suppose 10 = 2*s + 2. Suppose 5*t + x = 57 + 109, s*x - 18 = -t. List the prime factors of t.
2, 17
Suppose 2*f + 2*x = -0*x + 30, -2*f = 5*x - 45. What are the prime factors of 38/f + 7/35?
2
Let b = 144 + -100. What are the prime factors of b?
2, 11
Suppose -2*z - q + 151 = 0, -4*q + 229 = 3*z - 5*q. What are the prime factors of z?
2, 19
Let z = 18 - 13. Suppose -215 + 85 = -z*o. What are the prime factors of o?
2, 13
Suppose 0*y - 2*y = -6. Suppose -y*c = -0*c - 12. Suppose 2*s + 45 = 3*w + 7*s, c*s + 28 = 4*w. What are the prime factors of w?
2, 5
Suppose 0*u = -4*u - q + 168, 42 = u + q. Let x = u - 20. List the prime factors of x.
2, 11
Suppose 0 = -2*f - 0*f. Let m = f - 0. Suppose m*j - 3*j = -27. List the prime factors of j.
3
Let i = 19 + -5. List the prime factors of i.
2, 7
Suppose 2*x + 0 = -d + 5, -d + x + 2 = 0. Suppose 0*f = -f + 2. Suppose f*i - d*i + 10 = 0. What are the prime factors of i?
2, 5
Let r(w) = 6*w + 18. List the prime factors of r(6).
2, 3
Let i = 14 - 16. List the prime factors of 2/4 + (-7)/i.
2
Let k be (24 - -2)/(2/(-3)). Let h = 58 + k. List the prime factors of h.
19
Suppose 5*q - z - 248 = -34, 5*z = -20. Suppose -q = w - 2*w. What are the prime factors of w?
2, 3, 7
Let t(v) = 9*v - 45. What are the prime factors of t(13)?
2, 3
Let r(v) = -v + 5. Let b be r(10). Let i be 30/b*(-3)/2. Suppose -3*p = -s + 26, 2*s + i - 51 = 4*p. List the prime factors of s.
11
Suppose -4*p + 2*c = -8 - 8, -20 = -5*p + c. Suppose p*d + 76 = 2*g, 3*d + d = -2*g + 36. List the prime factors of g.
2, 7
Let r be (4/(-6))/(10/(-45)). Let b be -2*((-13)/2 + r). Suppose -2*m - 70 = -b*m. List the prime factors of m.
2, 7
Let r(d) = d**2 - d - 2. Let u be r(-3). Let h be (-4)/8*(0 - 0). Suppose h = -4*f - 2*i + 23 + 27, -2*i = -f + u. What are the prime factors of f?
2, 3
Suppose 17 = 4*l + 3*h, 0 = 5*l - 3*h - 0*h - 1. What are the prime factors of 5*1 + (4 - l)?
7
Suppose -2*g - 2*g = -n + 148, -4*g - 148 = -2*n. Let f = -17 - g. Suppose -f = -6*t + 2*t. What are the prime factors of t?
5
Let y(q) = 25*q**2 - 5. What are the prime factors of y(-2)?
5, 19
Let f be 1/(2/8)*2. Suppose -2*x = -0*x - f. List the prime factors of x.
2
Let d be (-2)/(-2) + (63 - 0). Let v = d + -28. Suppose -4 = 4*p - v. List the prime factors of p.
2
Let a be (-21)/9 - 3/(-9). Let j = 5 + a. List the prime factors of j.
3
Let n = -8 + 15. Let i = -4 - n. Let l = 21 + i. List the prime factors of l.
2, 5
Let i = -12 + 14. List the prime factors of i.
2
Suppose -3*s + 0*s = -33. What are the prime factors of s?
11
Let y be (-1)/((4/2)/(-6)). Let z = -39 - -60. What are the prime factors of 22*(z/6 - y)?
11
Let k(u) = 26*u + 38. List the prime factors of k(10).
2, 149
Let c(s) = 9. Let g(v) = v + 17. Let t(b) = -11*c(b) + 6*g(b). List the prime factors of t(4).
3
Let x(u) = -17*u + 2. Let p be x(-3). Suppose -5*n - 13 + p = 0. Let d = n - -8. List the prime factors of d.
2
Let z be (-4)/10 - 354/(-10). Let d be 3 - (-4)/(-2) - -1. Suppose d*k + z = 7*k. What are the prime factors of k?
7
Suppose 0 = s + 3*s - 8. Let k be (s - 3)/(-1) - 5. What are the prime factors of ((-15)/12)/(1/k)?
5
Let i = -7 + 3. Suppose 0 = -4*g - 75 - 29. Let s = i - g. What are the prime factors of s?
2, 11
Suppose z + 1 - 2 = 0. Let d be (1 - z/1)/1. Suppose -3*b - 2*h + 5*h + 36 = 0, 5*b + 4*h - 33 = d. What are the prime factors of b?
3
Let j be (0 - -8) + (-3)/(-1). Let g = -4 + j. List the prime factors of g.
7
List the prime factors of ((-18)/(-15))/3*95.
2, 19
Let t(z) = z**3 + 9*z**2 + 11. Suppose -3*g - 8 = 19. List the prime factors of t(g).
11
Suppose -2*d = -3*d - i + 1, -3*d = 4*i - 2. Suppose -d*p = -23 + 7. List the prime factors of p.
2
Suppose 0 = n + o - 6*o - 143, -4*o = 4*n - 692. What are the prime factors of n?
2, 3, 7
Suppose -8*i - 12 = -4*i. Let f = i + 8. Suppose -m - 3*p - 2 = 2, 3*m + f*p = 4. What are the prime factors of m?
2
Let l(f) = f**3 - 2*f**2 - 3*f + 4. Let k be l(3). What are the prime factors of (-301)/(-63) + k/18?
5
Let v(y) = y + 4. Let x be v(-7). Let s = 1 + x. What are the prime factors of s/3 - 35/(-3)?
11
Let h(u) = u - 4. Let g be (0 - 2) + 2 + 0. Suppose -q = -g*q - 9. List the prime factors of h(q).
5
Suppose 0*q + 4*q - 156 = 0. Suppose 0 = -5*u - 4*a + q, 2*u - 5*u + 18 = -3*a. Suppose -2*d + u = -d. List the prime factors of d.
7
Let g(o) = o**3 + 10*o**2 + o + 13. Let z be g(-10). Suppose -z*m = -4*m + 30. List the prime factors of m.
2, 3, 5
Suppose 5*j + 3*o + 0*o - 233 = 0, -o + 47 = j. Lis